 (26 - 22)))?
15
Evaluate -15 + -9 + (-6 - -21).
-9
What is 1 - (5 + 8 + -12) - -33?
33
Evaluate 17 + 2 + (1 - 11 - 7).
2
What is the value of 33 + -27 - (0 + (-9 - -3))?
12
Evaluate -12 + 11 - -10 - 35.
-26
(-38 + 11 - -34) + 0 + (-6 - -2)
3
-1 - (2 - (2 - (7 - 4)))
-4
Calculate -6 - (2 + -8 + 9 + 0).
-9
Evaluate -2 - -29 - (-9 + -8 + 8) - 12.
24
What is (-14 - -38 - -8) + -16?
16
What is (-1 - 6) + (3 - (-8 + 10))?
-6
Evaluate -3 - -4 - (-1 + 6 + 19 + -16).
-7
What is 10 - (-2 + 11 + -5) - -7?
13
What is -3 + 19 + -16 + (19 - 10)?
9
What is the value of -32 + 29 - (-6 + 1) - 6?
-4
What is the value of 1 - 3 - (30 + (-41 - 4))?
13
-17 - (-10 - 17) - 11
-1
0 + (53 - 28) - 0
25
2 + 7 + (1 - (-1 + -6)) - 2
15
Calculate -9 + 2 + -3 + (131 - 105).
16
2 + -4 + 3 - ((5 - 4) + -5)
5
What is the value of 9 + (-13 - (-2 - 20))?
18
Evaluate 21 - (8 + (-23 - -20)).
16
Evaluate (3 - (-5 + -5)) + 1 + 3.
17
Calculate -8 + 10 - (16 + 1).
-15
0 + -7 + 1 - (0 + -3)
-3
What is 14 - 0 - (155 + -65 - 77)?
1
-5 + 2 + -6 - (-27 - -7)
11
Calculate 297 - 325 - (-11 + 0).
-17
-7 + 4 + 28 + -6 - (47 + -53)
25
Calculate (0 - 1 - (1 + -1 + 4)) + 12.
7
What is the value of (10 - 0) + -226 + 216?
0
What is (13 - (23 - 13)) + -9?
-6
What is 8 + 24 + (-16 - 24)?
-8
Evaluate (-2 - -3) + 5 - (-7 - (14 - 38)).
-11
What is -4 - (-2 + (17 - 5 - 11))?
-3
Evaluate 8 - 1 - (-5 + (18 - 11)).
5
What is -32 + -1 - (-33 - -65 - 41)?
-24
Evaluate (0 - -29) + -16 + (-10 - -12) + 9.
24
Evaluate 1 + 6 + 1 + 2 + (-1 - 0).
9
Evaluate -7 + -7 + 4 + 15.
5
Evaluate -17 - (-11 - (-33 - -28)).
-11
What is (-8 - (-20 - (6 - 13))) + (-1 - -3)?
7
What is the value of -8 + 15 + -16 + -3?
-12
Evaluate 10 - (8 - (26 + (-10 - 0))).
18
-2 + -4 + 2 + 0
-4
What is 34 + (-19 - (-21 - (-10 + 2)))?
28
What is 6 + (1 - (-6 + -1 + 4 - -1))?
9
6 + -13 + (-4 - -8) + 2 + 0
-1
Calculate -5 - (8 + -5 + (-9 - -6) + -1).
-4
What is the value of 7 - 0 - (-11 - -8)?
10
Calculate -43 + 87 + -27 + -1 + 3.
19
13 - ((-9 - -24) + 2) - (0 - 2)
-2
4 - (-25 + -9 - -9)
29
1 - 0 - 4 - -3 - -6
6
What is -23 + (-17 - -18) + 51?
29
Calculate 2 + (1 - 11) + (-22 - -20).
-10
(10 + -3 - (3 - -5)) + 17 + -10
6
What is the value of (-124 - -138) + (-4 - (44 + -5))?
-29
Evaluate -35 - (-81 + 31) - -19.
34
-8 - (-5 - (-12 + -17))
-32
-9 + (25 + -13 - -6) - (2 + -1)
8
15 + (13 - 4) - 35
-11
Evaluate -667 + 661 - (-1 + 0 + 2).
-7
What is the value of 10 + (-9 - -21 - 9) + -10 - 7?
-4
Calculate (187 - 154 - (2 + 6 + 2)) + -5.
18
What is 5 - ((-2 - 4) + 0 + -2 + 13)?
0
Evaluate (0 - 2) + 1 + (4 - (-5 + -1)).
9
What is 5 + (11 + -8 - (5 - 0))?
3
Evaluate 14 + (0 - (8 + 17)).
-11
Evaluate 23 - (0 + 19 + -4).
8
What is -26 - ((65 - 73) + (14 - 1))?
-31
What is the value of 21 + 1 + -15 + -6?
1
Evaluate (6 - 2) + 2 + (-445 - -461).
22
Calculate -13 + 29 + -10 + -9 + 0 - -2.
-1
Calculate -3 + (96 - 34) + -42.
17
5 - (-1 + (4 - (-8 - -9)))
3
What is -11 + 25 - (3 + -5)?
16
Evaluate (7 - -2) + -7 + -2 + 2.
2
Calculate -4 + (-7 - -23) + -33.
-21
Calculate -1 - 0 - -2 - (11 + -4 + 2).
-8
Evaluate 12 - (6 + -7 + 21).
-8
What is 6 + 9 - (11 - -1)?
3
Evaluate (-2 + (4 - (7 - 10)) - 1) + -3.
1
((-4 - 0) + 4 + 3 - -5) + -29
-21
What is the value of (3 - -27) + 34 + -84?
-20
Calculate -1 + (12 - -2) + -30.
-17
What is the value of -51 + (-32 - -9) + 59?
-15
Evaluate -8 - (18 + -5) - -38.
17
Evaluate (-29 + 5 - -16) + -3.
-11
38 + -54 - -25 - (3 - 0)
6
11 - (16 + -26 + 11)
10
What is the value of 44 - (30 + (18 - 16))?
12
What is the value of 563 + -555 + (0 - (0 + -1))?
9
Calculate -9 + 41 + -6 - (3 + -7 + 10).
20
Calculate 4 + (4 - -3) + -29 - -8.
-10
What is the value of (2 - 3 - -8) + (4 - (25 + -26))?
12
Evaluate (-42 - (-25 + -1)) + (-1 - (-2 + 0)).
-15
Evaluate 14 + -12 + 1 + 3 - -12.
18
(-150 - -141) + (-2 - -3 - -7) + -5
-6
What is -1 - ((-7 - 3) + 10) - -10?
9
What is the value of 21 + -8 + (-4 - -2) + -6 + 7?
12
-8 + -11 - (-2 + -2 + 6)
-21
What is -2 - 7 - (12 - (1 + (0 - -8)))?
-12
What is the value of 1 + 4 + -19 + (-14 - -10) + 14?
-4
What is -6 - (1 + -3) - (-372 - -371)?
-3
Calculate -2 + (2 + 16 - (5 - -7)).
4
What is the value of -21 - (-14 + 8 + -5) - (0 - 0)?
-10
What is the value of (17 - 14) + (4 - (7 - 11))?
11
What is the value of -27 + (-16 - 9) + 56?
4
What is the value of -18 + 18 + (0 + 4 - 17)?
-13
-6 + 3 + 6 + -2 + -24
-23
Calculate 0 + 0 + (4 - 8 - 6 - -19).
9
0 + -12 - (255 + -259)
-8
What is the value of -2 - (3 - 1 - (-28 - -19))?
-13
Calculate 4 + (-31 - 5) + 17.
-15
Evaluate (-4 - (-13 - -10)) + (-8 - (1 - 1)).
-9
Calculate 0 + (-6 + 2 + 3 - -4) + 14.
17
Evaluate 8 - 8 - -10 - (-46 + 45).
11
Evaluate 11 - 15 - -6 - 6.
-4
-6 + 1 - (-3 + -5 + 19 - 5)
-11
Calculate (0 - 0) + -9 - (-1662 + 1630).
23
Calculate 510 + -525 - (5 + -1).
-19
What is -14 - ((-49 - -11) + 10)?
14
Calculate (-32 - -2) + 4 - (137 - 146).
-17
What is (-13 + 0 - -23) + -44 + 13?
-21
What is -13 + -4 - (-9 + -3)?
-5
Calculate 17 + -9 + (5 - 16).
-3
What is the value of (-136 - -114) + (-2 - -7) + -1 + 6?
-12
What is the value of (6 - 38) + -11 + 18?
-25
What is the value of 4 + 1 + (-17 - -9 - 11)?
-14
Calculate 7 + -10 + (-6 - -4) - 2 - -24.
17
What is the value of 15 - (30 + -8 + -31)?
24
Calculate 4 - (5 + -14) - 17.
-4
(6 - 10) + 1 + -6 + -4 + 1
-12
Calculate (3 - 18 - -4) + 12.
1
What is -9 + (7 - 2) + (1 - (-9 + 9))?
-3
-9 + 0 + 1 + 23 + -33
-18
What is (1 - 0) + -238 + 234 - -34?
31
What is the value of 36 + (5 - 6 - -10) + 3 + -11?
37
What is 2 + (3 - -1 - -6) - 8?
4
Evaluate -21 - -10 - -22 - -1 - 11.
1
What is -2 + (-2 - -4) - (-11 - 9 - -10)?
10
0 + 15 + (56 - 67)
4
What is -3 + -24 - (-9 + -6) - -9?
-3
What is 2 + (0 - -1) - 13 - (99 + -107)?
-2
(-10 + 54 - 4) + -22
18
What is -16 + 25 + 9 + 3 - 17?
4
22 + (-10 - (11 + 4 + -18 + 4))
11
Evaluate -13 + -36 + 21 + 20.
-8
(-18 - 4) + (390 - 366)
2
Evaluate 47 + -1 + (-42 - 11).
-7
What is the value of (6 - 2) + (-3 - (3 - -4))?
-6
(39 - 2 - 13) + -6
18
Calculate (1 - 16) + 19 + 65 + -71.
-2
Calculate 8 - (3 + (-7 - (0 + -4))).
8
Calculate 0 + -4 + 7 + -12 + 5.
-4
What is the value of (-3 - (20 + -2 + 10 - 0)) + 5?
-26
What is -7 + 0 - (2 + (-12 - 9))?
12
What is the value of -4 + (11 - (-5 + 19))?
-7
What is 14 + 6 + (-4 - 2) - -2?
16
What is the value of -10 + (-16 - (-42 - 3 - -15))?
4
(120 - 122 - (1 + 4)) + 6
-1
What is 15 + -7 + (102 - 132)?
-22
Calculate 1 - (-2 - (-6 + 16)).
13
Calculate 43 + -26 - (4 + -2 + 2).
13
Evaluate (34 - 13) + -16 + 19.
24
Evaluate (7 - -2) + 5 + -1 + 62 + -60.
15
Evaluate (-3 - (-1 - -4)) + -74 + 70.
-10
2 + -44 + 36 + (0 - 0) + 8
2
Evaluate 21 + -29 - (31 - 59).
20
What is the value of 5 - (-24 + 33 + -24)?
20
What is (1 - -4 - 8 - (5 - 9)) + 7?
8
Evaluate (1 - 4) + (-4 - -9) + -4.
-2
Calculate (107 - 99) + 1 + -8 - 27 - -3.
-23
Evaluate 2 - (-40 - -21 - (2 - (-2 + 7))).
18
Evaluate (-84 - -91) + (-1 - -1) - (-3 + 21).
-11
What is -4 + (-6 - -5) + (-3 - 7)?
-15
What is the value of 10 + 21 + -13 + -26 + -8?
-16
Calculate 17 + -2 - 3 - 24.
-12
What is the value of (0 - 23) + (-21 - -27) + -7 + -7?
-31
Evaluate -7 - ((-6 - 5) + 21 + -4).
-13
Calculate 14 + -56 + 1 - (-10 - 4).
-27
11 - (4 - (-14 + 5)) - (-10 - 1)
9
Calculate -33 + 44 - (-16 - -3).
24
Evaluate 7 - (49 - (2 + 17)).
-23
Calculate (-19 - (3 + -7)) + 15.
0
Evaluate (14 - -1) + -18 + 3.
0
Evaluate 1 + -5 + (10 - (-1 + 9 - 1)).
-1
Evaluate -21 + 4 + 8 + 7.
-2
What is the value of -4 + (2 - (-2 - -5 - 10))?
5
What is the value of -8 - 32 - (133 + -141)?
-32
What is the value of (7 - 1) + (-1 - 0) - (-34 + 52)?
-13
What is the value of (9 + 19 - 9 - 11) + (-25 - 2)?
-19
-8 + (-3 + (1 - -4) + -5 - -13)
2
What is (-5 - -18) + (-7 - (-8 + 1))?
13
What is the value of 8 - 14 - (-3 + 14 + -31)?
14
Evaluate -4 - (2 + -2 + (1 - -4) + -9).
0
What is the value of (-5 - 10) + 28 + -10 + 1?
4
-1 - 21 - (-23 + -13)
14
What is the value of -5 - ((-16 + 0 - -5) + 0 + -2)?
8
Calculate -18 - (16 + -14 + (9 - 1)).
-28
What is the value of 2 + -2 - (84 - 98)?
14
-3 + 7 - 3 - (1 + 9)
-9
24 - (-10 + 7) - 15
12
What is -2 + -4 + 6 + 1 + (-6 - -2)?
-3
Evaluate 6 - (-18 - ((9 - 20) + 2)).
15
-5 + 20 + -29 - (1 - 22)
7
Calculate 61 + -16 + -24 - 25.
-4
5 - 21 - (-46 - -35)
-5
What is 41 - 35 - (-1 + 7) - (0 - 9)?
9
What is -6 -